?
938
What is the highest common divisor of 6934 and 1104?
2
What is the highest common divisor of 675 and 5925175?
25
Calculate the greatest common factor of 851 and 640544.
37
What is the greatest common factor of 86625 and 114093?
63
What is the greatest common factor of 1963340 and 9612?
356
What is the highest common divisor of 1260 and 821052?
36
What is the greatest common divisor of 12990996 and 27?
27
What is the highest common factor of 6095 and 154230?
265
Calculate the highest common factor of 1649 and 1172229577.
1649
What is the greatest common divisor of 72361173 and 3?
3
What is the greatest common factor of 2438 and 3955549?
53
What is the greatest common divisor of 6493772 and 212?
212
Calculate the greatest common factor of 232 and 238786812.
116
Calculate the greatest common divisor of 110702584 and 1696.
424
What is the highest common factor of 254725 and 71875?
575
What is the highest common divisor of 2307814 and 13961?
607
Calculate the highest common factor of 5906606 and 1258.
74
Calculate the highest common divisor of 650 and 52669175.
325
Calculate the highest common factor of 1595355 and 105.
15
What is the greatest common factor of 1876 and 19879972?
1876
Calculate the greatest common divisor of 336915 and 909.
9
What is the highest common factor of 3124 and 30780772?
3124
Calculate the highest common divisor of 113749685 and 42.
7
What is the highest common divisor of 27136 and 94144?
64
Calculate the highest common factor of 91610 and 90400.
10
Calculate the greatest common divisor of 12 and 15718566.
6
Calculate the greatest common factor of 6307 and 398878.
53
What is the greatest common factor of 23072034 and 5195?
1039
What is the highest common factor of 1160 and 436860?
20
Calculate the greatest common divisor of 580 and 30158840.
580
Calculate the greatest common divisor of 380 and 16919500.
380
Calculate the greatest common divisor of 2936550 and 600.
150
Calculate the highest common divisor of 741665 and 3589.
37
Calculate the greatest common divisor of 134856162 and 90.
18
What is the highest common divisor of 233128 and 3113096?
1288
Calculate the greatest common divisor of 135 and 138824415.
135
Calculate the highest common factor of 57 and 222680703.
57
What is the highest common divisor of 582156 and 7536?
1884
What is the highest common factor of 8964 and 1410426?
54
What is the highest common factor of 292201572 and 130?
26
What is the greatest common factor of 4730879134 and 158?
158
What is the highest common divisor of 4210190 and 20?
10
Calculate the highest common divisor of 30691762 and 134.
134
Calculate the highest common divisor of 246394 and 1472716.
706
Calculate the greatest common divisor of 418 and 110788392.
418
Calculate the highest common divisor of 1468166 and 322.
14
What is the greatest common divisor of 1054226 and 21550?
862
Calculate the greatest common factor of 159881105 and 2945.
2945
What is the greatest common factor of 49001337 and 693?
693
What is the highest common factor of 1351 and 185727181?
193
Calculate the highest common factor of 2573082 and 18.
18
What is the highest common divisor of 672 and 178224?
48
What is the highest common factor of 570 and 1053480?
30
Calculate the greatest common divisor of 82472 and 127978.
122
What is the greatest common divisor of 4145551 and 205?
41
Calculate the greatest common divisor of 387014617 and 3223.
3223
What is the highest common factor of 1143500 and 4580?
20
What is the greatest common divisor of 400 and 1228450?
50
Calculate the greatest common divisor of 32130 and 2266866.
378
Calculate the highest common factor of 810 and 23615955.
405
What is the highest common divisor of 54 and 4711716?
54
Calculate the highest common divisor of 15021 and 4958599.
1669
What is the highest common divisor of 6562733 and 76?
19
What is the greatest common factor of 17764 and 12196?
4
What is the highest common divisor of 40488219 and 26904?
177
Calculate the highest common divisor of 7310656 and 248.
8
What is the greatest common factor of 1200111 and 3072663?
1353
What is the greatest common divisor of 629665 and 5?
5
What is the greatest common factor of 20404324 and 541384?
7316
Calculate the greatest common divisor of 5790 and 2982544800.
5790
Calculate the highest common factor of 7673082 and 314307.
4989
What is the greatest common factor of 1906 and 30100505?
953
What is the greatest common factor of 14736805 and 628?
157
What is the highest common divisor of 18317926 and 110?
22
What is the highest common factor of 173826 and 1389498?
222
What is the highest common factor of 11172 and 429828?
588
What is the highest common divisor of 1645215 and 5295?
15
Calculate the greatest common divisor of 11437223 and 58.
29
What is the greatest common divisor of 424 and 186421246?
106
What is the greatest common divisor of 18597643 and 51?
17
What is the highest common factor of 17216 and 936658?
538
What is the highest common factor of 344 and 15862776?
8
Calculate the highest common divisor of 888 and 140640.
24
What is the highest common divisor of 922 and 134074?
2
What is the greatest common divisor of 5814107 and 3549?
169
Calculate the highest common factor of 10881 and 95319978.
1209
Calculate the highest common divisor of 20077739 and 1705.
341
What is the highest common divisor of 1525667 and 17249?
47
Calculate the highest common divisor of 97644 and 6296616.
948
Calculate the greatest common divisor of 240 and 3353480.
40
What is the highest common divisor of 3500 and 2394?
14
What is the greatest common divisor of 304201 and 307044?
2843
What is the highest common divisor of 36 and 5445297?
9
Calculate the greatest common factor of 3167804429 and 2771.
2771
What is the highest common factor of 1106 and 2717205?
79
Calculate the highest common divisor of 59204 and 763876.
1444
Calculate the highest common factor of 725760 and 46980.
1620
Calculate the greatest common divisor of 5609086 and 6152.
1538
What is the greatest common divisor of 89516375 and 12090?
2015
Calculate the greatest common factor of 1729 and 871169.
247
What is the greatest common factor of 5630961 and 16167?
51
Calculate the highest common divisor of 325 and 17851015.
65
What is the highest common divisor of 30 and 15004630?
10
Calculate the highest common factor of 105765010 and 30.
10
What is the greatest common factor of 54 and 24422337?
27
Calculate the highest common divisor of 1917 and 39716832.
213
Calculate the greatest common divisor of 379746 and 1683.
153
What is the highest common factor of 2512 and 5480399?
157
What is the greatest common factor of 2444512 and 4312?
392
Calculate the greatest common divisor of 69528563 and 3302.
1651
What is the highest common divisor of 444 and 19554204?
444
What is the greatest common factor of 14622 and 79878?
6
What is the highest common factor of 1300 and 15362300?
100
What is the greatest common factor of 2115931 and 11937?
23
Calculate the greatest common divisor of 10580 and 29340.
20
What is the greatest common divisor of 28 and 495692?
4
What is the greatest common factor of 25116 and 657708?
276
Calculate the highest common divisor of 120340 and 1342220.
220
What is the highest common factor of 618854489 and 333?
37
What is the greatest common divisor of 1992209 and 82343?
1229
What is the highest common divisor of 392645319 and 8558?
4279
What is the highest common factor of 126655 and 1255?
5
What is the greatest common divisor of 79 and 59197781?
79
Calculate the greatest common divisor of 173543266 and 1742.
1742
What is the highest common divisor of 21107808 and 288?
288
What is the highest common factor of 146442637 and 1474?
737
Calculate the highest common divisor of 881739 and 46443.
339
Calculate the highest common factor of 90852705 and 405.
135
Calculate the greatest common factor of 477992 and 325612.
1604
Calculate the highest common factor of 120194 and 22141.
3163
What is the greatest common divisor of 16797716 and 6955?
1391
What is the greatest common factor of 100 and 1962020?
20
What is the greatest common factor of 536367913 and 723?
241
What is the highest common factor of 4478552 and 2184?
104
Calculate the highest common factor of 1080 and 199383255.
135
Calculate 